{"id":87,"date":"2022-09-21T18:08:51","date_gmt":"2022-09-21T18:08:51","guid":{"rendered":"https:\/\/vrovirah.com\/?page_id=87"},"modified":"2023-10-11T03:33:28","modified_gmt":"2023-10-11T03:33:28","slug":"articles","status":"publish","type":"page","link":"https:\/\/vrovirah.net\/index.php\/articles\/","title":{"rendered":"Articles"},"content":{"rendered":"\n<div class=\"wp-block-group is-layout-constrained wp-block-group-is-layout-constrained\" style=\"padding-top:2em\">\n<div class=\"wp-block-group alignwide is-content-justification-space-between is-layout-flex wp-container-core-group-layout-1 wp-block-group-is-layout-flex\">\n<h4 class=\"wp-block-heading has-large-font-size\">Latest Articles<\/h4>\n\n\n\n<p>Read All<\/p>\n<\/div>\n<\/div>\n\n\n\n<div class=\"wp-block-group is-layout-constrained wp-block-group-is-layout-constrained\">\n<div class=\"wp-block-query is-layout-constrained wp-block-query-is-layout-constrained\">\n<div class=\"wp-block-group alignwide is-layout-flow wp-block-group-is-layout-flow\" style=\"padding-bottom:1.5em\"><ul class=\"columns-2 wp-block-post-template is-layout-grid wp-container-core-post-template-layout-1 wp-block-post-template-is-layout-grid\"><li class=\"wp-block-post post-344 post type-post status-publish format-standard has-post-thumbnail hentry category-blog tag-trans tag-victoria-rovira\">\n\n<div class=\"wp-block-group is-layout-flow wp-block-group-is-layout-flow\" style=\"padding-top:2em;padding-bottom:2em\"><figure style=\"width:100%;height:16em;\" class=\"wp-block-post-featured-image\"><a href=\"https:\/\/vrovirah.net\/index.php\/2025\/05\/17\/herencia-trans\/\" target=\"_self\"  style=\"height:16em\"><img loading=\"lazy\" decoding=\"async\" width=\"2560\" height=\"1440\" src=\"https:\/\/vrovirah.net\/wp-content\/uploads\/2025\/05\/wilfried-santer-HnfksKbdneM-unsplash-scaled.jpg\" class=\"attachment-post-thumbnail size-post-thumbnail wp-post-image\" alt=\"Herencia Trans\" style=\"height:16em;object-fit:cover;\" srcset=\"https:\/\/vrovirah.net\/wp-content\/uploads\/2025\/05\/wilfried-santer-HnfksKbdneM-unsplash-scaled.jpg 2560w, https:\/\/vrovirah.net\/wp-content\/uploads\/2025\/05\/wilfried-santer-HnfksKbdneM-unsplash-300x169.jpg 300w, https:\/\/vrovirah.net\/wp-content\/uploads\/2025\/05\/wilfried-santer-HnfksKbdneM-unsplash-1024x576.jpg 1024w, https:\/\/vrovirah.net\/wp-content\/uploads\/2025\/05\/wilfried-santer-HnfksKbdneM-unsplash-768x432.jpg 768w, https:\/\/vrovirah.net\/wp-content\/uploads\/2025\/05\/wilfried-santer-HnfksKbdneM-unsplash-1536x864.jpg 1536w, https:\/\/vrovirah.net\/wp-content\/uploads\/2025\/05\/wilfried-santer-HnfksKbdneM-unsplash-2048x1152.jpg 2048w\" sizes=\"(max-width: 2560px) 100vw, 2560px\" \/><\/a><\/figure>\n\n<h3 class=\"wp-block-post-title\"><a href=\"https:\/\/vrovirah.net\/index.php\/2025\/05\/17\/herencia-trans\/\" target=\"_self\" >Herencia Trans<\/a><\/h3>\n\n<div class=\"wp-block-post-excerpt\"><p class=\"wp-block-post-excerpt__excerpt\">&nbsp;&nbsp;&nbsp;Hay saberes compartidos, peque\u00f1as l\u00edneas de conocimiento que nos conectan a quienes vinieron antes que nosotras y nos separan de quienes sostienen el pu\u00f1al que nos ha quitado a tantas de nosotras. Hay heridas que nos pasamos de una historia a otra, para no olvidar qui\u00e9nes las provocaron, pero a\u00fan m\u00e1s importante, porque son llaves,&hellip; <\/p><\/div>\n\n<a style=\"font-style:normal;font-weight:700;\" class=\"wp-block-read-more has-medium-font-size\" href=\"https:\/\/vrovirah.net\/index.php\/2025\/05\/17\/herencia-trans\/\" target=\"_self\">Read more<span class=\"screen-reader-text\">: Herencia Trans<\/span><\/a><\/div>\n\n<\/li><li class=\"wp-block-post post-218 post type-post status-publish format-standard has-post-thumbnail hentry category-conversaciones-trans tag-junio tag-lgbt tag-lgbtiq tag-marsha-p-johnson tag-pride tag-trans tag-victoria-rovira\">\n\n<div class=\"wp-block-group is-layout-flow wp-block-group-is-layout-flow\" style=\"padding-top:2em;padding-bottom:2em\"><figure style=\"width:100%;height:16em;\" class=\"wp-block-post-featured-image\"><a href=\"https:\/\/vrovirah.net\/index.php\/2023\/06\/06\/la-muerte-y-resurreccion-de-marsha-p-johnson\/\" target=\"_self\"  style=\"height:16em\"><img loading=\"lazy\" decoding=\"async\" width=\"438\" height=\"438\" src=\"https:\/\/vrovirah.net\/wp-content\/uploads\/2023\/06\/Marsha.webp\" class=\"attachment-post-thumbnail size-post-thumbnail wp-post-image\" alt=\"La muerte y resurrecci\u00f3n de Marsha P. Johnson\" style=\"height:16em;object-fit:cover;\" srcset=\"https:\/\/vrovirah.net\/wp-content\/uploads\/2023\/06\/Marsha.webp 438w, https:\/\/vrovirah.net\/wp-content\/uploads\/2023\/06\/Marsha-300x300.webp 300w, https:\/\/vrovirah.net\/wp-content\/uploads\/2023\/06\/Marsha-150x150.webp 150w\" sizes=\"(max-width: 438px) 100vw, 438px\" \/><\/a><\/figure>\n\n<h3 class=\"wp-block-post-title\"><a href=\"https:\/\/vrovirah.net\/index.php\/2023\/06\/06\/la-muerte-y-resurreccion-de-marsha-p-johnson\/\" target=\"_self\" >La muerte y resurrecci\u00f3n de Marsha P. Johnson<\/a><\/h3>\n\n<div class=\"wp-block-post-excerpt\"><p class=\"wp-block-post-excerpt__excerpt\">Para Dani, te extra\u00f1o beba.&nbsp; En junio no se es Trans como en el resto del a\u00f1o, en junio pesa un poco m\u00e1s ser Trans. Porque en junio salen las personas cisg\u00e9nero, usualmente blancas, usualmente mestizas, a celebrar que hay \u201cpride\u201d, que hay un orgullo y que, gracias a una mujer Trans, Negra, seropositiva, trabajadora&hellip; <\/p><\/div>\n\n<a style=\"font-style:normal;font-weight:700;\" class=\"wp-block-read-more has-medium-font-size\" href=\"https:\/\/vrovirah.net\/index.php\/2023\/06\/06\/la-muerte-y-resurreccion-de-marsha-p-johnson\/\" target=\"_self\">Read more<span class=\"screen-reader-text\">: La muerte y resurrecci\u00f3n de Marsha P. Johnson<\/span><\/a><\/div>\n\n<\/li><li class=\"wp-block-post post-40 post type-post status-publish format-standard has-post-thumbnail hentry category-work-environment tag-diversity tag-inclusion tag-victoria-rovira tag-work\">\n\n<div class=\"wp-block-group is-layout-flow wp-block-group-is-layout-flow\" style=\"padding-top:2em;padding-bottom:2em\"><figure style=\"width:100%;height:16em;\" class=\"wp-block-post-featured-image\"><a href=\"https:\/\/vrovirah.net\/index.php\/2022\/09\/21\/intention-to-action\/\" target=\"_self\"  style=\"height:16em\"><img loading=\"lazy\" decoding=\"async\" width=\"438\" height=\"438\" src=\"https:\/\/vrovirah.net\/wp-content\/uploads\/2022\/09\/Desktop.webp\" class=\"attachment-post-thumbnail size-post-thumbnail wp-post-image\" alt=\"Intention to Action\" style=\"height:16em;object-fit:cover;\" srcset=\"https:\/\/vrovirah.net\/wp-content\/uploads\/2022\/09\/Desktop.webp 438w, https:\/\/vrovirah.net\/wp-content\/uploads\/2022\/09\/Desktop-300x300.webp 300w, https:\/\/vrovirah.net\/wp-content\/uploads\/2022\/09\/Desktop-150x150.webp 150w\" sizes=\"(max-width: 438px) 100vw, 438px\" \/><\/a><\/figure>\n\n<h3 class=\"wp-block-post-title\"><a href=\"https:\/\/vrovirah.net\/index.php\/2022\/09\/21\/intention-to-action\/\" target=\"_self\" >Intention to Action<\/a><\/h3>\n\n<div class=\"wp-block-post-excerpt\"><p class=\"wp-block-post-excerpt__excerpt\">The pandemic of COVID-19 forced us all to change the ways we used to go on about life, and challenge the systems that permitted the fast propagation of this disease. One of the areas that was most affected by these changes was the labor field.&nbsp; People all around the world started to question the value&hellip; <\/p><\/div>\n\n<a style=\"font-style:normal;font-weight:700;\" class=\"wp-block-read-more has-medium-font-size\" href=\"https:\/\/vrovirah.net\/index.php\/2022\/09\/21\/intention-to-action\/\" target=\"_self\">Read more<span class=\"screen-reader-text\">: Intention to Action<\/span><\/a><\/div>\n\n<\/li><\/ul><\/div>\n<\/div>\n<\/div>\n\n\n<form role=\"search\" method=\"get\" action=\"https:\/\/vrovirah.net\/\" class=\"wp-block-search__button-inside wp-block-search__text-button wp-block-search\"    ><label class=\"wp-block-search__label\" for=\"wp-block-search__input-1\" >Search<\/label><div class=\"wp-block-search__inside-wrapper \" ><input class=\"wp-block-search__input\" id=\"wp-block-search__input-1\" placeholder=\"\" value=\"\" type=\"search\" name=\"s\" required \/><button aria-label=\"Search\" class=\"wp-block-search__button wp-element-button\" type=\"submit\" >Search<\/button><\/div><\/form>","protected":false},"excerpt":{"rendered":"<p>Latest Articles Read All<\/p>\n","protected":false},"author":1,"featured_media":0,"parent":0,"menu_order":0,"comment_status":"closed","ping_status":"closed","template":"header-footer-only","meta":{"footnotes":""},"_links":{"self":[{"href":"https:\/\/vrovirah.net\/index.php\/wp-json\/wp\/v2\/pages\/87"}],"collection":[{"href":"https:\/\/vrovirah.net\/index.php\/wp-json\/wp\/v2\/pages"}],"about":[{"href":"https:\/\/vrovirah.net\/index.php\/wp-json\/wp\/v2\/types\/page"}],"author":[{"embeddable":true,"href":"https:\/\/vrovirah.net\/index.php\/wp-json\/wp\/v2\/users\/1"}],"replies":[{"embeddable":true,"href":"https:\/\/vrovirah.net\/index.php\/wp-json\/wp\/v2\/comments?post=87"}],"version-history":[{"count":8,"href":"https:\/\/vrovirah.net\/index.php\/wp-json\/wp\/v2\/pages\/87\/revisions"}],"predecessor-version":[{"id":330,"href":"https:\/\/vrovirah.net\/index.php\/wp-json\/wp\/v2\/pages\/87\/revisions\/330"}],"wp:attachment":[{"href":"https:\/\/vrovirah.net\/index.php\/wp-json\/wp\/v2\/media?parent=87"}],"curies":[{"name":"wp","href":"https:\/\/api.w.org\/{rel}","templated":true}]}}